{"id":579,"date":"2014-01-15T09:17:38","date_gmt":"2014-01-15T08:17:38","guid":{"rendered":"http:\/\/www.store62.com\/monsieur-store\/?page_id=579"},"modified":"2018-07-20T17:49:47","modified_gmt":"2018-07-20T16:49:47","slug":"livre-dor-la-satisfaction-de-nos-clients","status":"publish","type":"page","link":"https:\/\/www.store62.com\/lens\/livre-dor-la-satisfaction-de-nos-clients\/","title":{"rendered":"Livre d&rsquo;or : la satisfaction de nos clients"},"content":{"rendered":"<p>Le point fort de Store 62 r\u00e9side aussi dans sa capacit\u00e9 \u00e0 vous donner satisfaction du d\u00e9but \u00e0 la fin de votre projet. Respect du devis, qualit\u00e9 d&rsquo;intervention, propret\u00e9 et rapidit\u00e9 de mise en oeuvre : Rien de plus parlant que le t\u00e9moignage de nos clients \u00e0 travers le temps.<br \/>\nStore 62 a assur\u00e9 chez vous une intervention \u00e0 la dimension de vos attentes, merci de laisser \u00e0 toute l&rsquo;\u00e9quipe un petit message de remerciements :<\/p>\n","protected":false},"excerpt":{"rendered":"<div class=\"entry-summary\">\nLe point fort de Store 62 r\u00e9side aussi dans sa capacit\u00e9 \u00e0 vous donner satisfaction du d\u00e9but \u00e0 la fin&hellip;\n<\/div>\n<div class=\"link-more\"><a href=\"https:\/\/www.store62.com\/lens\/livre-dor-la-satisfaction-de-nos-clients\/\" class=\"more-link\">Continue reading<span class=\"screen-reader-text\"> &ldquo;Livre d&rsquo;or : la satisfaction de nos clients&rdquo;<\/span>&hellip;<\/a><\/div>\n","protected":false},"author":1,"featured_media":0,"parent":0,"menu_order":0,"comment_status":"open","ping_status":"open","template":"page-template\/_sidebar.php","meta":{"footnotes":""},"class_list":["post-579","page","type-page","status-publish","hentry","entry"],"yoast_head":"<!-- This site is optimized with the Yoast SEO plugin v27.5 - https:\/\/yoast.com\/product\/yoast-seo-wordpress\/ -->\n<title>Livre d&#039;or : la satisfaction de nos clients -<\/title>\n<meta name=\"robots\" content=\"index, follow, max-snippet:-1, max-image-preview:large, max-video-preview:-1\" \/>\n<link rel=\"canonical\" href=\"https:\/\/www.store62.com\/lens\/livre-dor-la-satisfaction-de-nos-clients\/\" \/>\n<meta property=\"og:locale\" content=\"fr_FR\" \/>\n<meta property=\"og:type\" content=\"article\" \/>\n<meta property=\"og:title\" content=\"Livre d&#039;or : la satisfaction de nos clients -\" \/>\n<meta property=\"og:description\" content=\"Le point fort de Store 62 r\u00e9side aussi dans sa capacit\u00e9 \u00e0 vous donner satisfaction du d\u00e9but \u00e0 la fin&hellip; Continue reading &ldquo;Livre d&rsquo;or : la satisfaction de nos clients&rdquo;&hellip;\" \/>\n<meta property=\"og:url\" content=\"https:\/\/www.store62.com\/lens\/livre-dor-la-satisfaction-de-nos-clients\/\" \/>\n<meta property=\"article:modified_time\" content=\"2018-07-20T16:49:47+00:00\" \/>\n<script type=\"application\/ld+json\" class=\"yoast-schema-graph\">{\"@context\":\"https:\\\/\\\/schema.org\",\"@graph\":[{\"@type\":\"WebPage\",\"@id\":\"https:\\\/\\\/www.store62.com\\\/lens\\\/livre-dor-la-satisfaction-de-nos-clients\\\/\",\"url\":\"https:\\\/\\\/www.store62.com\\\/lens\\\/livre-dor-la-satisfaction-de-nos-clients\\\/\",\"name\":\"Livre d'or : la satisfaction de nos clients -\",\"isPartOf\":{\"@id\":\"https:\\\/\\\/www.store62.com\\\/lens\\\/#website\"},\"datePublished\":\"2014-01-15T08:17:38+00:00\",\"dateModified\":\"2018-07-20T16:49:47+00:00\",\"breadcrumb\":{\"@id\":\"https:\\\/\\\/www.store62.com\\\/lens\\\/livre-dor-la-satisfaction-de-nos-clients\\\/#breadcrumb\"},\"inLanguage\":\"fr-FR\",\"potentialAction\":[{\"@type\":\"ReadAction\",\"target\":[\"https:\\\/\\\/www.store62.com\\\/lens\\\/livre-dor-la-satisfaction-de-nos-clients\\\/\"]}]},{\"@type\":\"BreadcrumbList\",\"@id\":\"https:\\\/\\\/www.store62.com\\\/lens\\\/livre-dor-la-satisfaction-de-nos-clients\\\/#breadcrumb\",\"itemListElement\":[{\"@type\":\"ListItem\",\"position\":1,\"name\":\"Accueil\",\"item\":\"https:\\\/\\\/www.store62.com\\\/lens\\\/\"},{\"@type\":\"ListItem\",\"position\":2,\"name\":\"Livre d&rsquo;or : la satisfaction de nos clients\"}]},{\"@type\":\"WebSite\",\"@id\":\"https:\\\/\\\/www.store62.com\\\/lens\\\/#website\",\"url\":\"https:\\\/\\\/www.store62.com\\\/lens\\\/\",\"name\":\"\",\"description\":\"Votre professionnel menuiseries, cl\u00f4tures, stores, alarmes \u00e0 Lens\",\"potentialAction\":[{\"@type\":\"SearchAction\",\"target\":{\"@type\":\"EntryPoint\",\"urlTemplate\":\"https:\\\/\\\/www.store62.com\\\/lens\\\/?s={search_term_string}\"},\"query-input\":{\"@type\":\"PropertyValueSpecification\",\"valueRequired\":true,\"valueName\":\"search_term_string\"}}],\"inLanguage\":\"fr-FR\"}]}<\/script>\n<!-- \/ Yoast SEO plugin. -->","yoast_head_json":{"title":"Livre d'or : la satisfaction de nos clients -","robots":{"index":"index","follow":"follow","max-snippet":"max-snippet:-1","max-image-preview":"max-image-preview:large","max-video-preview":"max-video-preview:-1"},"canonical":"https:\/\/www.store62.com\/lens\/livre-dor-la-satisfaction-de-nos-clients\/","og_locale":"fr_FR","og_type":"article","og_title":"Livre d'or : la satisfaction de nos clients -","og_description":"Le point fort de Store 62 r\u00e9side aussi dans sa capacit\u00e9 \u00e0 vous donner satisfaction du d\u00e9but \u00e0 la fin&hellip; Continue reading &ldquo;Livre d&rsquo;or : la satisfaction de nos clients&rdquo;&hellip;","og_url":"https:\/\/www.store62.com\/lens\/livre-dor-la-satisfaction-de-nos-clients\/","article_modified_time":"2018-07-20T16:49:47+00:00","schema":{"@context":"https:\/\/schema.org","@graph":[{"@type":"WebPage","@id":"https:\/\/www.store62.com\/lens\/livre-dor-la-satisfaction-de-nos-clients\/","url":"https:\/\/www.store62.com\/lens\/livre-dor-la-satisfaction-de-nos-clients\/","name":"Livre d'or : la satisfaction de nos clients -","isPartOf":{"@id":"https:\/\/www.store62.com\/lens\/#website"},"datePublished":"2014-01-15T08:17:38+00:00","dateModified":"2018-07-20T16:49:47+00:00","breadcrumb":{"@id":"https:\/\/www.store62.com\/lens\/livre-dor-la-satisfaction-de-nos-clients\/#breadcrumb"},"inLanguage":"fr-FR","potentialAction":[{"@type":"ReadAction","target":["https:\/\/www.store62.com\/lens\/livre-dor-la-satisfaction-de-nos-clients\/"]}]},{"@type":"BreadcrumbList","@id":"https:\/\/www.store62.com\/lens\/livre-dor-la-satisfaction-de-nos-clients\/#breadcrumb","itemListElement":[{"@type":"ListItem","position":1,"name":"Accueil","item":"https:\/\/www.store62.com\/lens\/"},{"@type":"ListItem","position":2,"name":"Livre d&rsquo;or : la satisfaction de nos clients"}]},{"@type":"WebSite","@id":"https:\/\/www.store62.com\/lens\/#website","url":"https:\/\/www.store62.com\/lens\/","name":"","description":"Votre professionnel menuiseries, cl\u00f4tures, stores, alarmes \u00e0 Lens","potentialAction":[{"@type":"SearchAction","target":{"@type":"EntryPoint","urlTemplate":"https:\/\/www.store62.com\/lens\/?s={search_term_string}"},"query-input":{"@type":"PropertyValueSpecification","valueRequired":true,"valueName":"search_term_string"}}],"inLanguage":"fr-FR"}]}},"_links":{"self":[{"href":"https:\/\/www.store62.com\/lens\/wp-json\/wp\/v2\/pages\/579","targetHints":{"allow":["GET"]}}],"collection":[{"href":"https:\/\/www.store62.com\/lens\/wp-json\/wp\/v2\/pages"}],"about":[{"href":"https:\/\/www.store62.com\/lens\/wp-json\/wp\/v2\/types\/page"}],"author":[{"embeddable":true,"href":"https:\/\/www.store62.com\/lens\/wp-json\/wp\/v2\/users\/1"}],"replies":[{"embeddable":true,"href":"https:\/\/www.store62.com\/lens\/wp-json\/wp\/v2\/comments?post=579"}],"version-history":[{"count":7,"href":"https:\/\/www.store62.com\/lens\/wp-json\/wp\/v2\/pages\/579\/revisions"}],"predecessor-version":[{"id":1976,"href":"https:\/\/www.store62.com\/lens\/wp-json\/wp\/v2\/pages\/579\/revisions\/1976"}],"wp:attachment":[{"href":"https:\/\/www.store62.com\/lens\/wp-json\/wp\/v2\/media?parent=579"}],"curies":[{"name":"wp","href":"https:\/\/api.w.org\/{rel}","templated":true}]}}