{"id":25,"date":"2013-06-06T16:36:50","date_gmt":"2013-06-06T15:36:50","guid":{"rendered":"http:\/\/www.store62.com\/monsieur-store\/?page_id=25"},"modified":"2018-07-14T09:57:22","modified_gmt":"2018-07-14T08:57:22","slug":"portails-et-clotures","status":"publish","type":"page","link":"https:\/\/www.store62.com\/lens\/portails-et-clotures\/","title":{"rendered":"Portails et cl\u00f4tures"},"content":{"rendered":"<h4>7 crit\u00e8res sont \u00e0 prendre en compte pour le choix de votre portail et de votre cl\u00f4ture :<\/h4>\n<p><a href=\"https:\/\/www.store62.com\/lens\/wp-content\/uploads\/2018\/07\/IMG_9254.jpg\"><img loading=\"lazy\" decoding=\"async\" class=\"alignnone wp-image-1916 size-full\" src=\"https:\/\/www.store62.com\/lens\/wp-content\/uploads\/2018\/07\/IMG_9254.jpg\" alt=\"\" width=\"4032\" height=\"3024\" srcset=\"https:\/\/www.store62.com\/lens\/wp-content\/uploads\/2018\/07\/IMG_9254.jpg 4032w, https:\/\/www.store62.com\/lens\/wp-content\/uploads\/2018\/07\/IMG_9254-300x225.jpg 300w, https:\/\/www.store62.com\/lens\/wp-content\/uploads\/2018\/07\/IMG_9254-768x576.jpg 768w, https:\/\/www.store62.com\/lens\/wp-content\/uploads\/2018\/07\/IMG_9254-1024x768.jpg 1024w\" sizes=\"auto, (max-width: 4032px) 100vw, 4032px\" \/><\/a><\/p>\n<p>-Le type d&rsquo;ouverture :<\/p>\n<p>il sera fonction de la construction de votre maison et de la configuration du terrain. Dans les deux cas elle sera soit battante ou soit coulissante.<\/p>\n<p>-Le mat\u00e9riau :<\/p>\n<p>directement li\u00e9 \u00e0 l&rsquo;utilisation que vous allez en demander, aux contraintes du terrain et des conditions climatiques.<\/p>\n<p>-Le cadre porteur :<\/p>\n<p>Cet \u00e9l\u00e9ment doit \u00eatre \u00e0 toutes les \u00e9preuves. Il d\u00e9finit la robustesse du portail, surtout si celui-ci est motoris\u00e9.<\/p>\n<p>-La motorisation :<\/p>\n<p>La motorisation vous apporte le confort et la s\u00e9curit\u00e9. elle d\u00e9pendra de la pouss\u00e9e du vent sur votre portail, de son poids et du style de fixations choisis.<\/p>\n<p>-L\u2019esth\u00e9tique :<\/p>\n<p>Votre portail et votre cl\u00f4ture doivent \u00eatre \u00e0 l&rsquo;image de votre maison. Les vantaux pleins vous garderont des regards ext\u00e9rieurs. les vantaux ajour\u00e9s vous permettront de voir \u00e0 l\u2019ext\u00e9rieur. Tous les effets de design, de couleurs et de styles sont possibles (formes concaves ou convexes).<\/p>\n<p>-Le prolongement du portail :<\/p>\n<p>C&rsquo;est son portillon, sa cl\u00f4ture, son garde-corps&#8230; ils offriront une r\u00e9elle plus-value \u00e0 votre maison.<\/p>\n<p>-La cl\u00f4ture :<\/p>\n<p>El\u00e9ment de protection important. Store 62 vous propose 3 choix selon le portail choisi :<\/p>\n<p><strong>\u2022 A lisses sur muret<\/strong><\/p>\n<p><strong>\u2022 A barreaux verticaux sur muret<\/strong><\/p>\n<p><strong>\u2022 Pleine sur muret<\/strong><\/p>\n<p style=\"text-align: center;\"><img loading=\"lazy\" decoding=\"async\" class=\"alignnone size-large wp-image-1535\" src=\"https:\/\/www.store62.com\/lens\/wp-content\/uploads\/2013\/06\/DSC00685-768x1024.jpg\" alt=\"\" width=\"768\" height=\"1024\" srcset=\"https:\/\/www.store62.com\/lens\/wp-content\/uploads\/2013\/06\/DSC00685-768x1024.jpg 768w, https:\/\/www.store62.com\/lens\/wp-content\/uploads\/2013\/06\/DSC00685-225x300.jpg 225w, https:\/\/www.store62.com\/lens\/wp-content\/uploads\/2013\/06\/DSC00685-765x1020.jpg 765w, https:\/\/www.store62.com\/lens\/wp-content\/uploads\/2013\/06\/DSC00685.jpg 1944w\" sizes=\"auto, (max-width: 768px) 100vw, 768px\" \/><\/p>\n","protected":false},"excerpt":{"rendered":"<div class=\"entry-summary\">\n7 crit\u00e8res sont \u00e0 prendre en compte pour le choix de votre portail et de votre cl\u00f4ture : -Le type&hellip;\n<\/div>\n<div class=\"link-more\"><a href=\"https:\/\/www.store62.com\/lens\/portails-et-clotures\/\" class=\"more-link\">Continue reading<span class=\"screen-reader-text\"> &ldquo;Portails et cl\u00f4tures&rdquo;<\/span>&hellip;<\/a><\/div>\n","protected":false},"author":1,"featured_media":0,"parent":0,"menu_order":0,"comment_status":"closed","ping_status":"closed","template":"page-template\/_sidebar.php","meta":{"footnotes":""},"class_list":["post-25","page","type-page","status-publish","hentry","entry"],"yoast_head":"<!-- This site is optimized with the Yoast SEO plugin v27.5 - https:\/\/yoast.com\/product\/yoast-seo-wordpress\/ -->\n<title>Portails cl\u00f4tures portillons installations de pillastres et moteurs<\/title>\n<meta name=\"description\" content=\"Faites installer vos portails et cl\u00f4tures par un sp\u00e9cialiste r\u00e9gional du Nord PasdeCalais.\" \/>\n<meta name=\"robots\" content=\"index, follow, max-snippet:-1, max-image-preview:large, max-video-preview:-1\" \/>\n<link rel=\"canonical\" href=\"https:\/\/www.store62.com\/lens\/portails-et-clotures\/\" \/>\n<meta property=\"og:locale\" content=\"fr_FR\" \/>\n<meta property=\"og:type\" content=\"article\" \/>\n<meta property=\"og:title\" content=\"Portails cl\u00f4tures portillons installations de pillastres et moteurs\" \/>\n<meta property=\"og:description\" content=\"Faites installer vos portails et cl\u00f4tures par un sp\u00e9cialiste r\u00e9gional du Nord PasdeCalais.\" \/>\n<meta property=\"og:url\" content=\"https:\/\/www.store62.com\/lens\/portails-et-clotures\/\" \/>\n<meta property=\"article:modified_time\" content=\"2018-07-14T08:57:22+00:00\" \/>\n<meta property=\"og:image\" content=\"https:\/\/www.store62.com\/lens\/wp-content\/uploads\/2018\/07\/IMG_9254.jpg\" \/>\n<meta name=\"twitter:label1\" content=\"Dur\u00e9e de lecture estim\u00e9e\" \/>\n\t<meta name=\"twitter:data1\" content=\"1 minute\" \/>\n<script type=\"application\/ld+json\" class=\"yoast-schema-graph\">{\"@context\":\"https:\\\/\\\/schema.org\",\"@graph\":[{\"@type\":\"WebPage\",\"@id\":\"https:\\\/\\\/www.store62.com\\\/lens\\\/portails-et-clotures\\\/\",\"url\":\"https:\\\/\\\/www.store62.com\\\/lens\\\/portails-et-clotures\\\/\",\"name\":\"Portails cl\u00f4tures portillons installations de pillastres et moteurs\",\"isPartOf\":{\"@id\":\"https:\\\/\\\/www.store62.com\\\/lens\\\/#website\"},\"primaryImageOfPage\":{\"@id\":\"https:\\\/\\\/www.store62.com\\\/lens\\\/portails-et-clotures\\\/#primaryimage\"},\"image\":{\"@id\":\"https:\\\/\\\/www.store62.com\\\/lens\\\/portails-et-clotures\\\/#primaryimage\"},\"thumbnailUrl\":\"https:\\\/\\\/www.store62.com\\\/lens\\\/wp-content\\\/uploads\\\/2018\\\/07\\\/IMG_9254.jpg\",\"datePublished\":\"2013-06-06T15:36:50+00:00\",\"dateModified\":\"2018-07-14T08:57:22+00:00\",\"description\":\"Faites installer vos portails et cl\u00f4tures par un sp\u00e9cialiste r\u00e9gional du Nord PasdeCalais.\",\"breadcrumb\":{\"@id\":\"https:\\\/\\\/www.store62.com\\\/lens\\\/portails-et-clotures\\\/#breadcrumb\"},\"inLanguage\":\"fr-FR\",\"potentialAction\":[{\"@type\":\"ReadAction\",\"target\":[\"https:\\\/\\\/www.store62.com\\\/lens\\\/portails-et-clotures\\\/\"]}]},{\"@type\":\"ImageObject\",\"inLanguage\":\"fr-FR\",\"@id\":\"https:\\\/\\\/www.store62.com\\\/lens\\\/portails-et-clotures\\\/#primaryimage\",\"url\":\"https:\\\/\\\/www.store62.com\\\/lens\\\/wp-content\\\/uploads\\\/2018\\\/07\\\/IMG_9254.jpg\",\"contentUrl\":\"https:\\\/\\\/www.store62.com\\\/lens\\\/wp-content\\\/uploads\\\/2018\\\/07\\\/IMG_9254.jpg\"},{\"@type\":\"BreadcrumbList\",\"@id\":\"https:\\\/\\\/www.store62.com\\\/lens\\\/portails-et-clotures\\\/#breadcrumb\",\"itemListElement\":[{\"@type\":\"ListItem\",\"position\":1,\"name\":\"Accueil\",\"item\":\"https:\\\/\\\/www.store62.com\\\/lens\\\/\"},{\"@type\":\"ListItem\",\"position\":2,\"name\":\"Portails et cl\u00f4tures\"}]},{\"@type\":\"WebSite\",\"@id\":\"https:\\\/\\\/www.store62.com\\\/lens\\\/#website\",\"url\":\"https:\\\/\\\/www.store62.com\\\/lens\\\/\",\"name\":\"\",\"description\":\"Votre professionnel menuiseries, cl\u00f4tures, stores, alarmes \u00e0 Lens\",\"potentialAction\":[{\"@type\":\"SearchAction\",\"target\":{\"@type\":\"EntryPoint\",\"urlTemplate\":\"https:\\\/\\\/www.store62.com\\\/lens\\\/?s={search_term_string}\"},\"query-input\":{\"@type\":\"PropertyValueSpecification\",\"valueRequired\":true,\"valueName\":\"search_term_string\"}}],\"inLanguage\":\"fr-FR\"}]}<\/script>\n<!-- \/ Yoast SEO plugin. -->","yoast_head_json":{"title":"Portails cl\u00f4tures portillons installations de pillastres et moteurs","description":"Faites installer vos portails et cl\u00f4tures par un sp\u00e9cialiste r\u00e9gional du Nord PasdeCalais.","robots":{"index":"index","follow":"follow","max-snippet":"max-snippet:-1","max-image-preview":"max-image-preview:large","max-video-preview":"max-video-preview:-1"},"canonical":"https:\/\/www.store62.com\/lens\/portails-et-clotures\/","og_locale":"fr_FR","og_type":"article","og_title":"Portails cl\u00f4tures portillons installations de pillastres et moteurs","og_description":"Faites installer vos portails et cl\u00f4tures par un sp\u00e9cialiste r\u00e9gional du Nord PasdeCalais.","og_url":"https:\/\/www.store62.com\/lens\/portails-et-clotures\/","article_modified_time":"2018-07-14T08:57:22+00:00","og_image":[{"url":"https:\/\/www.store62.com\/lens\/wp-content\/uploads\/2018\/07\/IMG_9254.jpg","type":"","width":"","height":""}],"twitter_misc":{"Dur\u00e9e de lecture estim\u00e9e":"1 minute"},"schema":{"@context":"https:\/\/schema.org","@graph":[{"@type":"WebPage","@id":"https:\/\/www.store62.com\/lens\/portails-et-clotures\/","url":"https:\/\/www.store62.com\/lens\/portails-et-clotures\/","name":"Portails cl\u00f4tures portillons installations de pillastres et moteurs","isPartOf":{"@id":"https:\/\/www.store62.com\/lens\/#website"},"primaryImageOfPage":{"@id":"https:\/\/www.store62.com\/lens\/portails-et-clotures\/#primaryimage"},"image":{"@id":"https:\/\/www.store62.com\/lens\/portails-et-clotures\/#primaryimage"},"thumbnailUrl":"https:\/\/www.store62.com\/lens\/wp-content\/uploads\/2018\/07\/IMG_9254.jpg","datePublished":"2013-06-06T15:36:50+00:00","dateModified":"2018-07-14T08:57:22+00:00","description":"Faites installer vos portails et cl\u00f4tures par un sp\u00e9cialiste r\u00e9gional du Nord PasdeCalais.","breadcrumb":{"@id":"https:\/\/www.store62.com\/lens\/portails-et-clotures\/#breadcrumb"},"inLanguage":"fr-FR","potentialAction":[{"@type":"ReadAction","target":["https:\/\/www.store62.com\/lens\/portails-et-clotures\/"]}]},{"@type":"ImageObject","inLanguage":"fr-FR","@id":"https:\/\/www.store62.com\/lens\/portails-et-clotures\/#primaryimage","url":"https:\/\/www.store62.com\/lens\/wp-content\/uploads\/2018\/07\/IMG_9254.jpg","contentUrl":"https:\/\/www.store62.com\/lens\/wp-content\/uploads\/2018\/07\/IMG_9254.jpg"},{"@type":"BreadcrumbList","@id":"https:\/\/www.store62.com\/lens\/portails-et-clotures\/#breadcrumb","itemListElement":[{"@type":"ListItem","position":1,"name":"Accueil","item":"https:\/\/www.store62.com\/lens\/"},{"@type":"ListItem","position":2,"name":"Portails et cl\u00f4tures"}]},{"@type":"WebSite","@id":"https:\/\/www.store62.com\/lens\/#website","url":"https:\/\/www.store62.com\/lens\/","name":"","description":"Votre professionnel menuiseries, cl\u00f4tures, stores, alarmes \u00e0 Lens","potentialAction":[{"@type":"SearchAction","target":{"@type":"EntryPoint","urlTemplate":"https:\/\/www.store62.com\/lens\/?s={search_term_string}"},"query-input":{"@type":"PropertyValueSpecification","valueRequired":true,"valueName":"search_term_string"}}],"inLanguage":"fr-FR"}]}},"_links":{"self":[{"href":"https:\/\/www.store62.com\/lens\/wp-json\/wp\/v2\/pages\/25","targetHints":{"allow":["GET"]}}],"collection":[{"href":"https:\/\/www.store62.com\/lens\/wp-json\/wp\/v2\/pages"}],"about":[{"href":"https:\/\/www.store62.com\/lens\/wp-json\/wp\/v2\/types\/page"}],"author":[{"embeddable":true,"href":"https:\/\/www.store62.com\/lens\/wp-json\/wp\/v2\/users\/1"}],"replies":[{"embeddable":true,"href":"https:\/\/www.store62.com\/lens\/wp-json\/wp\/v2\/comments?post=25"}],"version-history":[{"count":5,"href":"https:\/\/www.store62.com\/lens\/wp-json\/wp\/v2\/pages\/25\/revisions"}],"predecessor-version":[{"id":1917,"href":"https:\/\/www.store62.com\/lens\/wp-json\/wp\/v2\/pages\/25\/revisions\/1917"}],"wp:attachment":[{"href":"https:\/\/www.store62.com\/lens\/wp-json\/wp\/v2\/media?parent=25"}],"curies":[{"name":"wp","href":"https:\/\/api.w.org\/{rel}","templated":true}]}}

Portails et clôtures

<h4>7 critères sont à prendre en compte pour le choix de votre portail et de votre clôture :</h4>
<p><a href="https://www.store62.com/lens/wp-content/uploads/2018/07/IMG_9254.jpg"><img loading="lazy" decoding="async" class="alignnone wp-image-1916 size-full" src="https://www.store62.com/lens/wp-content/uploads/2018/07/IMG_9254.jpg" alt="" width="4032" height="3024" srcset="https://www.store62.com/lens/wp-content/uploads/2018/07/IMG_9254.jpg 4032w, https://www.store62.com/lens/wp-content/uploads/2018/07/IMG_9254-300x225.jpg 300w, https://www.store62.com/lens/wp-content/uploads/2018/07/IMG_9254-768x576.jpg 768w, https://www.store62.com/lens/wp-content/uploads/2018/07/IMG_9254-1024x768.jpg 1024w" sizes="auto, (max-width: 4032px) 100vw, 4032px" /></a></p>
<p>-Le type d&rsquo;ouverture :</p>
<p>il sera fonction de la construction de votre maison et de la configuration du terrain. Dans les deux cas elle sera soit battante ou soit coulissante.</p>
<p>-Le matériau :</p>
<p>directement lié à l&rsquo;utilisation que vous allez en demander, aux contraintes du terrain et des conditions climatiques.</p>
<p>-Le cadre porteur :</p>
<p>Cet élément doit être à toutes les épreuves. Il définit la robustesse du portail, surtout si celui-ci est motorisé.</p>
<p>-La motorisation :</p>
<p>La motorisation vous apporte le confort et la sécurité. elle dépendra de la poussée du vent sur votre portail, de son poids et du style de fixations choisis.</p>
<p>-L’esthétique :</p>
<p>Votre portail et votre clôture doivent être à l&rsquo;image de votre maison. Les vantaux pleins vous garderont des regards extérieurs. les vantaux ajourés vous permettront de voir à l’extérieur. Tous les effets de design, de couleurs et de styles sont possibles (formes concaves ou convexes).</p>
<p>-Le prolongement du portail :</p>
<p>C&rsquo;est son portillon, sa clôture, son garde-corps&#8230; ils offriront une réelle plus-value à votre maison.</p>
<p>-La clôture :</p>
<p>Elément de protection important. Store 62 vous propose 3 choix selon le portail choisi :</p>
<p><strong>• A lisses sur muret</strong></p>
<p><strong>• A barreaux verticaux sur muret</strong></p>
<p><strong>• Pleine sur muret</strong></p>
<p style="text-align: center;"><img loading="lazy" decoding="async" class="alignnone size-large wp-image-1535" src="https://www.store62.com/lens/wp-content/uploads/2013/06/DSC00685-768x1024.jpg" alt="" width="768" height="1024" srcset="https://www.store62.com/lens/wp-content/uploads/2013/06/DSC00685-768x1024.jpg 768w, https://www.store62.com/lens/wp-content/uploads/2013/06/DSC00685-225x300.jpg 225w, https://www.store62.com/lens/wp-content/uploads/2013/06/DSC00685-765x1020.jpg 765w, https://www.store62.com/lens/wp-content/uploads/2013/06/DSC00685.jpg 1944w" sizes="auto, (max-width: 768px) 100vw, 768px" /></p>

<div class="entry-summary">
7 critères sont à prendre en compte pour le choix de votre portail et de votre clôture : -Le type&hellip;
</div>
<div class="link-more"><a href="https://www.store62.com/lens/portails-et-clotures/" class="more-link">Continue reading<span class="screen-reader-text"> &ldquo;Portails et clôtures&rdquo;</span>&hellip;</a></div>

<!-- This site is optimized with the Yoast SEO plugin v27.5 - https://yoast.com/product/yoast-seo-wordpress/ -->
<title>Portails clôtures portillons installations de pillastres et moteurs</title>
<meta name="description" content="Faites installer vos portails et clôtures par un spécialiste régional du Nord PasdeCalais." />
<meta name="robots" content="index, follow, max-snippet:-1, max-image-preview:large, max-video-preview:-1" />
<link rel="canonical" href="https://www.store62.com/lens/portails-et-clotures/" />
<meta property="og:locale" content="fr_FR" />
<meta property="og:type" content="article" />
<meta property="og:title" content="Portails clôtures portillons installations de pillastres et moteurs" />
<meta property="og:description" content="Faites installer vos portails et clôtures par un spécialiste régional du Nord PasdeCalais." />
<meta property="og:url" content="https://www.store62.com/lens/portails-et-clotures/" />
<meta property="article:modified_time" content="2018-07-14T08:57:22+00:00" />
<meta property="og:image" content="https://www.store62.com/lens/wp-content/uploads/2018/07/IMG_9254.jpg" />
<meta name="twitter:label1" content="Durée de lecture estimée" />
	<meta name="twitter:data1" content="1 minute" />
<script type="application/ld+json" class="yoast-schema-graph">{"@context":"https:\/\/schema.org","@graph":[{"@type":"WebPage","@id":"https:\/\/www.store62.com\/lens\/portails-et-clotures\/","url":"https:\/\/www.store62.com\/lens\/portails-et-clotures\/","name":"Portails clôtures portillons installations de pillastres et moteurs","isPartOf":{"@id":"https:\/\/www.store62.com\/lens\/#website"},"primaryImageOfPage":{"@id":"https:\/\/www.store62.com\/lens\/portails-et-clotures\/#primaryimage"},"image":{"@id":"https:\/\/www.store62.com\/lens\/portails-et-clotures\/#primaryimage"},"thumbnailUrl":"https:\/\/www.store62.com\/lens\/wp-content\/uploads\/2018\/07\/IMG_9254.jpg","datePublished":"2013-06-06T15:36:50+00:00","dateModified":"2018-07-14T08:57:22+00:00","description":"Faites installer vos portails et clôtures par un spécialiste régional du Nord PasdeCalais.","breadcrumb":{"@id":"https:\/\/www.store62.com\/lens\/portails-et-clotures\/#breadcrumb"},"inLanguage":"fr-FR","potentialAction":[{"@type":"ReadAction","target":["https:\/\/www.store62.com\/lens\/portails-et-clotures\/"]}]},{"@type":"ImageObject","inLanguage":"fr-FR","@id":"https:\/\/www.store62.com\/lens\/portails-et-clotures\/#primaryimage","url":"https:\/\/www.store62.com\/lens\/wp-content\/uploads\/2018\/07\/IMG_9254.jpg","contentUrl":"https:\/\/www.store62.com\/lens\/wp-content\/uploads\/2018\/07\/IMG_9254.jpg"},{"@type":"BreadcrumbList","@id":"https:\/\/www.store62.com\/lens\/portails-et-clotures\/#breadcrumb","itemListElement":[{"@type":"ListItem","position":1,"name":"Accueil","item":"https:\/\/www.store62.com\/lens\/"},{"@type":"ListItem","position":2,"name":"Portails et clôtures"}]},{"@type":"WebSite","@id":"https:\/\/www.store62.com\/lens\/#website","url":"https:\/\/www.store62.com\/lens\/","name":"","description":"Votre professionnel menuiseries, clôtures, stores, alarmes à Lens","potentialAction":[{"@type":"SearchAction","target":{"@type":"EntryPoint","urlTemplate":"https:\/\/www.store62.com\/lens\/?s={search_term_string}"},"query-input":{"@type":"PropertyValueSpecification","valueRequired":true,"valueName":"search_term_string"}}],"inLanguage":"fr-FR"}]}</script>
<!-- / Yoast SEO plugin. -->

Portails clôtures portillons installations de pillastres et moteurs

Faites installer vos portails et clôtures par un spécialiste régional du Nord PasdeCalais.

Votre professionnel menuiseries, clôtures, stores, alarmes à Lens
