{"id":249,"date":"2026-02-11T17:26:02","date_gmt":"2026-02-11T16:26:02","guid":{"rendered":"https:\/\/www.store62.com\/fermetures-partenaires\/?page_id=249"},"modified":"2026-03-04T15:52:21","modified_gmt":"2026-03-04T14:52:21","slug":"maintenance","status":"publish","type":"page","link":"https:\/\/www.store62.com\/fermetures-partenaires\/maintenance\/","title":{"rendered":""},"content":{"rendered":"<p style=\"text-align: center;\"><style id=\"depicter-27-inline-pre-css\">\n\n.depicter-27:not(.depicter-ready){\n\theight:500px;\n}\n\n\/***** Tablet *****\/\n@media screen and (max-width: 1024px){\n\n.depicter-27:not(.depicter-ready){\n\theight:700px;\n}\n\n}\n\/***** Mobile *****\/\n@media screen and (max-width: 767px){\n\n.depicter-27:not(.depicter-ready){\n\theight:740px;\n}\n\n}\n<\/style>\n<div id=\"depicter-27\" class=\"depicter depicter-document depicter-revert depicter-27 depicter-layout-fullwidth\">\n\n<div class=\"depicter-loading-container depicter-loading dotFlashing-dark\"><div class=\"depicter-loading-dark depicter-dot-flashing\">\n   <span><\/span>\n   <span><\/span>\n   <span><\/span>\n<\/div>\n<\/div>\n<div id=\"depicter-27-section-1\" class=\"depicter-section depicter-27-section-1\" data-name=\"Section 1\" data-type=\"section\" data-local-id=\"section-1\">\n<picture id=\"depicter-27-element-2\" class=\"depicter-element depicter-layer depicter-27-element-2\" data-type=\"image\" data-wrap=\"true\" data-name=\"Image 1\" data-local-id=\"element-2\" data-offset=\"x:-6px;y:-90px;origin:tl\" data-tablet-offset=\"x:-84px;y:-16px;origin:tl\" data-mobile-offset=\"x:-268px;y:3px;origin:tl\" data-width=\"1206px,1193px,1193px\" data-height=\"687px,727px,737px\" data-responsive-scale=\"true,,\" data-crop=\"false\">\n<source data-depicter-srcset=\"https:\/\/www.store62.com\/fermetures-partenaires\/wp-content\/uploads\/2026\/02\/unnamed-1-1193x737.jpg, https:\/\/www.store62.com\/fermetures-partenaires\/wp-content\/uploads\/2026\/02\/unnamed-1-2386x1474.jpg 2x\" srcset=\"data:image\/gif;base64,R0lGODlhAQABAIAAAAAAAP\/\/\/yH5BAEAAAAALAAAAAABAAEAAAIBRAA7\" media=\"(max-width: 767px)\" \/>\n\n<source data-depicter-srcset=\"https:\/\/www.store62.com\/fermetures-partenaires\/wp-content\/uploads\/2026\/02\/unnamed-1-1193x727.jpg, https:\/\/www.store62.com\/fermetures-partenaires\/wp-content\/uploads\/2026\/02\/unnamed-1-2386x1454.jpg 2x\" srcset=\"data:image\/gif;base64,R0lGODlhAQABAIAAAAAAAP\/\/\/yH5BAEAAAAALAAAAAABAAEAAAIBRAA7\" media=\"(max-width: 1024px)\" \/>\n\n<source data-depicter-srcset=\"https:\/\/www.store62.com\/fermetures-partenaires\/wp-content\/uploads\/2026\/02\/unnamed-1-1206x687.jpg, https:\/\/www.store62.com\/fermetures-partenaires\/wp-content\/uploads\/2026\/02\/unnamed-1-2412x1374.jpg 2x\" srcset=\"data:image\/gif;base64,R0lGODlhAQABAIAAAAAAAP\/\/\/yH5BAEAAAAALAAAAAABAAEAAAIBRAA7\" media=\"(min-width: 1025px)\" \/>\n<img decoding=\"async\" src=\"data:image\/gif;base64,R0lGODlhAQABAIAAAAAAAP\/\/\/yH5BAEAAAAALAAAAAABAAEAAAIBRAA7\" data-depicter-src=\"https:\/\/www.store62.com\/fermetures-partenaires\/wp-content\/uploads\/2026\/02\/unnamed-1-1206x687.jpg\" alt=\"\" \/>\n<\/picture>\n<picture data-animation-in=\"{'direction':'top','easing':'easeOutQuart','duration':2500,'movement':{'value':800,'unit':'px'},'type':'move'}\" data-between-in-out=\"false\" id=\"depicter-27-element-3\" class=\"depicter-element depicter-layer depicter-27-element-3\" data-type=\"image\" data-wrap=\"true\" data-name=\"Image 2\" data-local-id=\"element-3\" data-offset=\"x:120px;y:298px;origin:tl\" data-tablet-offset=\"x:174px;y:530px;origin:tl\" data-mobile-offset=\"x:16px;y:494px;origin:tl\" data-width=\"960px,678px,327px\" data-height=\"157px,110px,53px\" data-responsive-scale=\"true,,\" data-crop=\"false\">\n<source data-depicter-srcset=\"https:\/\/www.store62.com\/fermetures-partenaires\/wp-content\/uploads\/2026\/02\/reparations-scaled-327x53.png, https:\/\/www.store62.com\/fermetures-partenaires\/wp-content\/uploads\/2026\/02\/reparations-scaled-654x106.png 2x\" srcset=\"data:image\/gif;base64,R0lGODlhAQABAIAAAAAAAP\/\/\/yH5BAEAAAAALAAAAAABAAEAAAIBRAA7\" media=\"(max-width: 767px)\" \/>\n\n<source data-depicter-srcset=\"https:\/\/www.store62.com\/fermetures-partenaires\/wp-content\/uploads\/2026\/02\/reparations-scaled-678x110.png, https:\/\/www.store62.com\/fermetures-partenaires\/wp-content\/uploads\/2026\/02\/reparations-scaled-1356x220.png 2x\" srcset=\"data:image\/gif;base64,R0lGODlhAQABAIAAAAAAAP\/\/\/yH5BAEAAAAALAAAAAABAAEAAAIBRAA7\" media=\"(max-width: 1024px)\" \/>\n\n<source data-depicter-srcset=\"https:\/\/www.store62.com\/fermetures-partenaires\/wp-content\/uploads\/2026\/02\/reparations-scaled-960x157.png, https:\/\/www.store62.com\/fermetures-partenaires\/wp-content\/uploads\/2026\/02\/reparations-scaled-1920x314.png 2x\" srcset=\"data:image\/gif;base64,R0lGODlhAQABAIAAAAAAAP\/\/\/yH5BAEAAAAALAAAAAABAAEAAAIBRAA7\" media=\"(min-width: 1025px)\" \/>\n<img decoding=\"async\" src=\"data:image\/gif;base64,R0lGODlhAQABAIAAAAAAAP\/\/\/yH5BAEAAAAALAAAAAABAAEAAAIBRAA7\" data-depicter-src=\"https:\/\/www.store62.com\/fermetures-partenaires\/wp-content\/uploads\/2026\/02\/reparations-scaled-960x157.png\" alt=\"\" \/>\n<\/picture><\/div>\n<\/div>\n<script>\n(window.depicterSetups = window.depicterSetups || []).push(function(){\n\tDepicter.basePath = 'https:\/\/www.store62.com\/fermetures-partenaires\/wp-content\/plugins\/depicter\/resources\/scripts\/player\/';\n\tconst dpPlayer = Depicter.setup('.depicter-27',\n\t\t{\"width\":[\"1200\",\"1024\",\"360\"],\"height\":[\"500\",\"700\",\"740\"],\"view\":\"basic\",\"keepAspectRatio\":true,\"preload\":0,\"layout\":\"fullwidth\",\"rtl\":false,\"initAfterAppear\":false,\"ajaxApiUrl\":\"https:\\\/\\\/www.store62.com\\\/fermetures-partenaires\\\/wp-admin\\\/admin-ajax.php\",\"mouseSwipe\":true,\"touchSwipe\":true,\"useWatermark\":false}\n\t);\n});\n<\/script><\/p>\n<hr \/>\n<div class=\"entry-content\">\n<div>\n<div>\n<h1>Pour notre \u00e9quipe Store 62 (Lens Pas-de-Calais), le service apr\u00e8s-vente est une prestation s\u00e9rieuse sur laquelle nous nous engageons.<\/h1>\n<p>Il nous est donc possible d\u2019intervenir rapidement pour un simple r\u00e9glage de t\u00e9l\u00e9commande, tout comme pour le remplacement d\u2019une pi\u00e8ce d\u2019usure, et bien entendu pour couvrir vos diff\u00e9rentes garanties. Nous restons \u00e9galement disponibles pour rectifier et am\u00e9liorer votre installation. Vous l\u2019aurez compris : notre disponibilit\u00e9 fait \u00e9galement partie de nos points forts.<\/p>\n<p>De plus chez Store 62, les interventions de maintenance sont r\u00e9ellement transparentes : le co\u00fbt est connu, comme le d\u00e9lai. Nos techniciens sont form\u00e9s sur toutes nos r\u00e9f\u00e9rences, ils sont exp\u00e9riment\u00e9s et comp\u00e9tents : en un mot, professionnels !<\/p>\n<p><img loading=\"lazy\" decoding=\"async\" class=\"aligncenter wp-image-234 size-full\" src=\"https:\/\/www.store62.com\/fermetures-partenaires\/wp-content\/uploads\/2026\/02\/rect41747a.png\" alt=\"\" width=\"800\" height=\"370\" srcset=\"https:\/\/www.store62.com\/fermetures-partenaires\/wp-content\/uploads\/2026\/02\/rect41747a.png 800w, https:\/\/www.store62.com\/fermetures-partenaires\/wp-content\/uploads\/2026\/02\/rect41747a-300x139.png 300w, https:\/\/www.store62.com\/fermetures-partenaires\/wp-content\/uploads\/2026\/02\/rect41747a-768x355.png 768w, https:\/\/www.store62.com\/fermetures-partenaires\/wp-content\/uploads\/2026\/02\/rect41747a-200x93.png 200w\" sizes=\"auto, (max-width: 800px) 100vw, 800px\" \/><\/p>\n<\/div>\n<\/div>\n<\/div>\n","protected":false},"excerpt":{"rendered":"<p>Pour notre \u00e9quipe Store 62 (Lens Pas-de-Calais), le service apr\u00e8s-vente est une prestation s\u00e9rieuse sur laquelle nous nous engageons. Il [&hellip;]<\/p>\n","protected":false},"author":1,"featured_media":0,"parent":0,"menu_order":0,"comment_status":"closed","ping_status":"closed","template":"","meta":{"site-sidebar-layout":"default","site-content-layout":"","ast-site-content-layout":"default","site-content-style":"default","site-sidebar-style":"default","ast-global-header-display":"","ast-banner-title-visibility":"","ast-main-header-display":"","ast-hfb-above-header-display":"","ast-hfb-below-header-display":"","ast-hfb-mobile-header-display":"","site-post-title":"","ast-breadcrumbs-content":"","ast-featured-img":"","footer-sml-layout":"","ast-disable-related-posts":"","theme-transparent-header-meta":"default","adv-header-id-meta":"","stick-header-meta":"","header-above-stick-meta":"","header-main-stick-meta":"","header-below-stick-meta":"","astra-migrate-meta-layouts":"set","ast-page-background-enabled":"default","ast-page-background-meta":{"desktop":{"background-color":"var(--ast-global-color-5)","background-image":"","background-repeat":"repeat","background-position":"center center","background-size":"auto","background-attachment":"scroll","background-type":"","background-media":"","overlay-type":"","overlay-color":"","overlay-opacity":"","overlay-gradient":""},"tablet":{"background-color":"","background-image":"","background-repeat":"repeat","background-position":"center center","background-size":"auto","background-attachment":"scroll","background-type":"","background-media":"","overlay-type":"","overlay-color":"","overlay-opacity":"","overlay-gradient":""},"mobile":{"background-color":"","background-image":"","background-repeat":"repeat","background-position":"center center","background-size":"auto","background-attachment":"scroll","background-type":"","background-media":"","overlay-type":"","overlay-color":"","overlay-opacity":"","overlay-gradient":""}},"ast-content-background-meta":{"desktop":{"background-color":"var(--ast-global-color-4)","background-image":"","background-repeat":"repeat","background-position":"center center","background-size":"auto","background-attachment":"scroll","background-type":"","background-media":"","overlay-type":"","overlay-color":"","overlay-opacity":"","overlay-gradient":""},"tablet":{"background-color":"var(--ast-global-color-4)","background-image":"","background-repeat":"repeat","background-position":"center center","background-size":"auto","background-attachment":"scroll","background-type":"","background-media":"","overlay-type":"","overlay-color":"","overlay-opacity":"","overlay-gradient":""},"mobile":{"background-color":"var(--ast-global-color-4)","background-image":"","background-repeat":"repeat","background-position":"center center","background-size":"auto","background-attachment":"scroll","background-type":"","background-media":"","overlay-type":"","overlay-color":"","overlay-opacity":"","overlay-gradient":""}},"footnotes":""},"class_list":["post-249","page","type-page","status-publish","hentry"],"yoast_head":"<!-- This site is optimized with the Yoast SEO plugin v27.4 - https:\/\/yoast.com\/product\/yoast-seo-wordpress\/ -->\n<title>R\u00e9parations maintenances menuiseries - interventions dans 62-59<\/title>\n<meta name=\"description\" content=\"Store62 c&#039;est \u00e9galement une \u00e9quipe de maintenance \u00e0 votre \u00e9coute pendant et apr\u00e8s l&#039;installation de vos produits menuiseries et automatismes.\" \/>\n<meta name=\"robots\" content=\"index, follow, max-snippet:-1, max-image-preview:large, max-video-preview:-1\" \/>\n<link rel=\"canonical\" href=\"https:\/\/www.store62.com\/fermetures-partenaires\/maintenance\/\" \/>\n<meta property=\"og:locale\" content=\"fr_FR\" \/>\n<meta property=\"og:type\" content=\"article\" \/>\n<meta property=\"og:title\" content=\"R\u00e9parations maintenances menuiseries - interventions dans 62-59\" \/>\n<meta property=\"og:description\" content=\"Store62 c&#039;est \u00e9galement une \u00e9quipe de maintenance \u00e0 votre \u00e9coute pendant et apr\u00e8s l&#039;installation de vos produits menuiseries et automatismes.\" \/>\n<meta property=\"og:url\" content=\"https:\/\/www.store62.com\/fermetures-partenaires\/maintenance\/\" \/>\n<meta property=\"og:site_name\" content=\"Sp\u00e9cialiste fermetures\" \/>\n<meta property=\"article:modified_time\" content=\"2026-03-04T14:52:21+00:00\" \/>\n<meta property=\"og:image\" content=\"https:\/\/www.store62.com\/fermetures-partenaires\/wp-content\/uploads\/2026\/02\/rect41747a.png\" \/>\n<meta name=\"twitter:card\" content=\"summary_large_image\" \/>\n<meta name=\"twitter:label1\" content=\"Dur\u00e9e de lecture estim\u00e9e\" \/>\n\t<meta name=\"twitter:data1\" content=\"1 minute\" \/>\n<script type=\"application\/ld+json\" class=\"yoast-schema-graph\">{\"@context\":\"https:\\\/\\\/schema.org\",\"@graph\":[{\"@type\":\"WebPage\",\"@id\":\"https:\\\/\\\/www.store62.com\\\/fermetures-partenaires\\\/maintenance\\\/\",\"url\":\"https:\\\/\\\/www.store62.com\\\/fermetures-partenaires\\\/maintenance\\\/\",\"name\":\"R\u00e9parations maintenances menuiseries - interventions dans 62-59\",\"isPartOf\":{\"@id\":\"https:\\\/\\\/www.store62.com\\\/fermetures-partenaires\\\/#website\"},\"primaryImageOfPage\":{\"@id\":\"https:\\\/\\\/www.store62.com\\\/fermetures-partenaires\\\/maintenance\\\/#primaryimage\"},\"image\":{\"@id\":\"https:\\\/\\\/www.store62.com\\\/fermetures-partenaires\\\/maintenance\\\/#primaryimage\"},\"thumbnailUrl\":\"https:\\\/\\\/www.store62.com\\\/fermetures-partenaires\\\/wp-content\\\/uploads\\\/2026\\\/02\\\/rect41747a.png\",\"datePublished\":\"2026-02-11T16:26:02+00:00\",\"dateModified\":\"2026-03-04T14:52:21+00:00\",\"description\":\"Store62 c'est \u00e9galement une \u00e9quipe de maintenance \u00e0 votre \u00e9coute pendant et apr\u00e8s l'installation de vos produits menuiseries et automatismes.\",\"inLanguage\":\"fr-FR\",\"potentialAction\":[{\"@type\":\"ReadAction\",\"target\":[\"https:\\\/\\\/www.store62.com\\\/fermetures-partenaires\\\/maintenance\\\/\"]}]},{\"@type\":\"ImageObject\",\"inLanguage\":\"fr-FR\",\"@id\":\"https:\\\/\\\/www.store62.com\\\/fermetures-partenaires\\\/maintenance\\\/#primaryimage\",\"url\":\"https:\\\/\\\/www.store62.com\\\/fermetures-partenaires\\\/wp-content\\\/uploads\\\/2026\\\/02\\\/rect41747a.png\",\"contentUrl\":\"https:\\\/\\\/www.store62.com\\\/fermetures-partenaires\\\/wp-content\\\/uploads\\\/2026\\\/02\\\/rect41747a.png\",\"width\":800,\"height\":370},{\"@type\":\"WebSite\",\"@id\":\"https:\\\/\\\/www.store62.com\\\/fermetures-partenaires\\\/#website\",\"url\":\"https:\\\/\\\/www.store62.com\\\/fermetures-partenaires\\\/\",\"name\":\"Sp\u00e9cialiste fermetures Lens\",\"description\":\"LENS - T\u00e9l : 06 67 19 62 62 \\\/ 03 21 42 62 62\",\"publisher\":{\"@id\":\"https:\\\/\\\/www.store62.com\\\/fermetures-partenaires\\\/#organization\"},\"potentialAction\":[{\"@type\":\"SearchAction\",\"target\":{\"@type\":\"EntryPoint\",\"urlTemplate\":\"https:\\\/\\\/www.store62.com\\\/fermetures-partenaires\\\/?s={search_term_string}\"},\"query-input\":{\"@type\":\"PropertyValueSpecification\",\"valueRequired\":true,\"valueName\":\"search_term_string\"}}],\"inLanguage\":\"fr-FR\"},{\"@type\":\"Organization\",\"@id\":\"https:\\\/\\\/www.store62.com\\\/fermetures-partenaires\\\/#organization\",\"name\":\"Sp\u00e9cialiste fermetures Lens\",\"url\":\"https:\\\/\\\/www.store62.com\\\/fermetures-partenaires\\\/\",\"logo\":{\"@type\":\"ImageObject\",\"inLanguage\":\"fr-FR\",\"@id\":\"https:\\\/\\\/www.store62.com\\\/fermetures-partenaires\\\/#\\\/schema\\\/logo\\\/image\\\/\",\"url\":\"https:\\\/\\\/www.store62.com\\\/fermetures-partenaires\\\/wp-content\\\/uploads\\\/2026\\\/02\\\/cropped-unnamed.jpg\",\"contentUrl\":\"https:\\\/\\\/www.store62.com\\\/fermetures-partenaires\\\/wp-content\\\/uploads\\\/2026\\\/02\\\/cropped-unnamed.jpg\",\"width\":942,\"height\":237,\"caption\":\"Sp\u00e9cialiste fermetures Lens\"},\"image\":{\"@id\":\"https:\\\/\\\/www.store62.com\\\/fermetures-partenaires\\\/#\\\/schema\\\/logo\\\/image\\\/\"}}]}<\/script>\n<!-- \/ Yoast SEO plugin. -->","yoast_head_json":{"title":"R\u00e9parations maintenances menuiseries - interventions dans 62-59","description":"Store62 c'est \u00e9galement une \u00e9quipe de maintenance \u00e0 votre \u00e9coute pendant et apr\u00e8s l'installation de vos produits menuiseries et automatismes.","robots":{"index":"index","follow":"follow","max-snippet":"max-snippet:-1","max-image-preview":"max-image-preview:large","max-video-preview":"max-video-preview:-1"},"canonical":"https:\/\/www.store62.com\/fermetures-partenaires\/maintenance\/","og_locale":"fr_FR","og_type":"article","og_title":"R\u00e9parations maintenances menuiseries - interventions dans 62-59","og_description":"Store62 c'est \u00e9galement une \u00e9quipe de maintenance \u00e0 votre \u00e9coute pendant et apr\u00e8s l'installation de vos produits menuiseries et automatismes.","og_url":"https:\/\/www.store62.com\/fermetures-partenaires\/maintenance\/","og_site_name":"Sp\u00e9cialiste fermetures","article_modified_time":"2026-03-04T14:52:21+00:00","og_image":[{"url":"https:\/\/www.store62.com\/fermetures-partenaires\/wp-content\/uploads\/2026\/02\/rect41747a.png","type":"","width":"","height":""}],"twitter_card":"summary_large_image","twitter_misc":{"Dur\u00e9e de lecture estim\u00e9e":"1 minute"},"schema":{"@context":"https:\/\/schema.org","@graph":[{"@type":"WebPage","@id":"https:\/\/www.store62.com\/fermetures-partenaires\/maintenance\/","url":"https:\/\/www.store62.com\/fermetures-partenaires\/maintenance\/","name":"R\u00e9parations maintenances menuiseries - interventions dans 62-59","isPartOf":{"@id":"https:\/\/www.store62.com\/fermetures-partenaires\/#website"},"primaryImageOfPage":{"@id":"https:\/\/www.store62.com\/fermetures-partenaires\/maintenance\/#primaryimage"},"image":{"@id":"https:\/\/www.store62.com\/fermetures-partenaires\/maintenance\/#primaryimage"},"thumbnailUrl":"https:\/\/www.store62.com\/fermetures-partenaires\/wp-content\/uploads\/2026\/02\/rect41747a.png","datePublished":"2026-02-11T16:26:02+00:00","dateModified":"2026-03-04T14:52:21+00:00","description":"Store62 c'est \u00e9galement une \u00e9quipe de maintenance \u00e0 votre \u00e9coute pendant et apr\u00e8s l'installation de vos produits menuiseries et automatismes.","inLanguage":"fr-FR","potentialAction":[{"@type":"ReadAction","target":["https:\/\/www.store62.com\/fermetures-partenaires\/maintenance\/"]}]},{"@type":"ImageObject","inLanguage":"fr-FR","@id":"https:\/\/www.store62.com\/fermetures-partenaires\/maintenance\/#primaryimage","url":"https:\/\/www.store62.com\/fermetures-partenaires\/wp-content\/uploads\/2026\/02\/rect41747a.png","contentUrl":"https:\/\/www.store62.com\/fermetures-partenaires\/wp-content\/uploads\/2026\/02\/rect41747a.png","width":800,"height":370},{"@type":"WebSite","@id":"https:\/\/www.store62.com\/fermetures-partenaires\/#website","url":"https:\/\/www.store62.com\/fermetures-partenaires\/","name":"Sp\u00e9cialiste fermetures Lens","description":"LENS - T\u00e9l : 06 67 19 62 62 \/ 03 21 42 62 62","publisher":{"@id":"https:\/\/www.store62.com\/fermetures-partenaires\/#organization"},"potentialAction":[{"@type":"SearchAction","target":{"@type":"EntryPoint","urlTemplate":"https:\/\/www.store62.com\/fermetures-partenaires\/?s={search_term_string}"},"query-input":{"@type":"PropertyValueSpecification","valueRequired":true,"valueName":"search_term_string"}}],"inLanguage":"fr-FR"},{"@type":"Organization","@id":"https:\/\/www.store62.com\/fermetures-partenaires\/#organization","name":"Sp\u00e9cialiste fermetures Lens","url":"https:\/\/www.store62.com\/fermetures-partenaires\/","logo":{"@type":"ImageObject","inLanguage":"fr-FR","@id":"https:\/\/www.store62.com\/fermetures-partenaires\/#\/schema\/logo\/image\/","url":"https:\/\/www.store62.com\/fermetures-partenaires\/wp-content\/uploads\/2026\/02\/cropped-unnamed.jpg","contentUrl":"https:\/\/www.store62.com\/fermetures-partenaires\/wp-content\/uploads\/2026\/02\/cropped-unnamed.jpg","width":942,"height":237,"caption":"Sp\u00e9cialiste fermetures Lens"},"image":{"@id":"https:\/\/www.store62.com\/fermetures-partenaires\/#\/schema\/logo\/image\/"}}]}},"_links":{"self":[{"href":"https:\/\/www.store62.com\/fermetures-partenaires\/wp-json\/wp\/v2\/pages\/249","targetHints":{"allow":["GET"]}}],"collection":[{"href":"https:\/\/www.store62.com\/fermetures-partenaires\/wp-json\/wp\/v2\/pages"}],"about":[{"href":"https:\/\/www.store62.com\/fermetures-partenaires\/wp-json\/wp\/v2\/types\/page"}],"author":[{"embeddable":true,"href":"https:\/\/www.store62.com\/fermetures-partenaires\/wp-json\/wp\/v2\/users\/1"}],"replies":[{"embeddable":true,"href":"https:\/\/www.store62.com\/fermetures-partenaires\/wp-json\/wp\/v2\/comments?post=249"}],"version-history":[{"count":5,"href":"https:\/\/www.store62.com\/fermetures-partenaires\/wp-json\/wp\/v2\/pages\/249\/revisions"}],"predecessor-version":[{"id":1273,"href":"https:\/\/www.store62.com\/fermetures-partenaires\/wp-json\/wp\/v2\/pages\/249\/revisions\/1273"}],"wp:attachment":[{"href":"https:\/\/www.store62.com\/fermetures-partenaires\/wp-json\/wp\/v2\/media?parent=249"}],"curies":[{"name":"wp","href":"https:\/\/api.w.org\/{rel}","templated":true}]}}