{"id":245,"date":"2026-02-11T17:23:09","date_gmt":"2026-02-11T16:23:09","guid":{"rendered":"https:\/\/www.store62.com\/fermetures-partenaires\/?page_id=245"},"modified":"2026-03-04T16:00:21","modified_gmt":"2026-03-04T15:00:21","slug":"mentions-legales","status":"publish","type":"page","link":"https:\/\/www.store62.com\/fermetures-partenaires\/mentions-legales\/","title":{"rendered":"Mentions L\u00e9gales"},"content":{"rendered":"<header class=\"entry-header\">\n<h1 class=\"entry-title\" style=\"text-align: center;\"><strong style=\"font-size: 16px;\">Ce site internet est \u00e9dit\u00e9 par :<\/strong><\/h1>\n<\/header>\n<div class=\"entry-content\">\n<div style=\"text-align: center;\">\n<p>Guillaume Fromont, Store 62, 02 Avenue Alfred Ma\u00ebs 62300\u00a0LENS \/\u00a0T\u00e9l. 03.21.42.62.62<\/p>\n<p>RCS 501 762 952<\/p>\n<p>En cas de probl\u00e8mes en rapport avec le site, merci de contacter son concepteur : mpweb [at] hotmail.fr<\/p>\n<p>H\u00e9bergement :<\/p>\n<p>OVH \u2013\u00a0SAS au capital de 10 000 000 \u20ac<\/p>\n<p>RCS Roubaix \u2013\u00a0Tourcoing 424 761 419 00045<\/p>\n<p>Code APE 6202A<br \/>\nN\u00b0\u00a0TVA : FR 22 424 761\u00a0419<br \/>\nSi\u00e8ge social : 2 rue Kellermann \u2013\u00a059100 Roubaix \u2013\u00a0France.<\/p>\n<p>Directeur de la publication : Octave KLABA<\/p>\n<\/div>\n<p style=\"text-align: center;\"><strong>Confidentialit\u00e9 :<\/strong><\/p>\n<ul style=\"text-align: center;\">\n<li>Par le formulaire de contact et celui de demande de devis nous r\u00e9coltons votre adresse personnelle, votre email, votre num\u00e9ro de t\u00e9l\u00e9phone.<\/li>\n<li><strong>Ces donn\u00e9es ne sont utilis\u00e9s que pour les besoins internes de la soci\u00e9t\u00e9 store62 (devis, prise de contact et facturation). Ils ne sont ni revendues ni consultables par des tiers.<\/strong><\/li>\n<li>Vos donn\u00e9es marketing sont stock\u00e9es 3 ans et vos donn\u00e9es de facturation commandes 6 ans.<\/li>\n<li><b>Vos donn\u00e9es sont stock\u00e9es sur nos ordinateurs dont la s\u00e9curit\u00e9 est assur\u00e9e par nos soins.<br \/>\n<\/b>Vous disposez d\u2019un droit d\u2019acc\u00e8s, de modification, de rectification et de suppression des donn\u00e9es vous concernant (loi \u00ab\u00a0Informatique et Libert\u00e9s\u00a0\u00bb\u00a0du 6 janvier 1978). Pour toute demande, adressez-vous \u00e0\u00a0:\u00a0<strong><a href=\"mailto:bureau@store62.com\" target=\"_blank\" rel=\"noopener\">bureau@store62.com<\/a><\/strong><\/li>\n<\/ul>\n<div>\n<p style=\"text-align: center;\">Store 62 a ouvert ce site pour l\u2019information personnelle de ses utilisateurs. Aucune exploitation commerciale m\u00eame partielle de son contenu, ses donn\u00e9es chiffr\u00e9es ou non, qui y sont pr\u00e9sent\u00e9es ne pourra \u00eatre effectu\u00e9e sans l\u2019accord pr\u00e9alable et \u00e9crit de Guillaume Fromont.<\/p>\n<p style=\"text-align: center;\">L\u2019ensemble de ce site constitue une \u0153uvre prot\u00e9g\u00e9e par les lois en vigueur sur la propri\u00e9t\u00e9\u00a0intellectuelle. Aucune reproduction et\/ou repr\u00e9sentation, partielle ou int\u00e9grale, ne pourra en \u00eatre faite sans l\u2019accord pr\u00e9alable et \u00e9crit de Guillaume Fromont.<\/p>\n<p style=\"text-align: center;\">L\u2019ensemble des \u00e9l\u00e9ments graphiques, des campagnes de communication, affiches, films, dessins, photographies, images, textes, s\u00e9quences anim\u00e9es sonores ou non, logos, marques, noms de produits, repr\u00e9sent\u00e9s sur ce site Internet sont prot\u00e9g\u00e9s par le Code de la propri\u00e9t\u00e9\u00a0 Intellectuelle.<br \/>\nA ce titre, tout t\u00e9l\u00e9chargement, toute reproduction, repr\u00e9sentation, adaptation, traduction, et\/ou transformation, partielles ou int\u00e9grales, ou transfert sur un autre site ou sur quelque autre support (papier, support num\u00e9rique, film, etc\u2026) sont strictement interdits.<\/p>\n<p style=\"text-align: center;\">Les liens hypertextes externes mis en place dans le cadre du pr\u00e9sent site et les contenus des sites de tiers vers lesquels ils pointent ne sauraient engager la responsabilit\u00e9 Store 62.<br \/>\nLes informations que nous vous demandons lors de votre demande de contacts\/devis gratuit sont uniquement n\u00e9cessaires \u00e0 la SARL Store 62.<\/p>\n<p style=\"text-align: center;\">Elles sont enregistr\u00e9es dans nos fichiers clients et peuvent donner lieu \u00e0\u00a0l\u2019exercice du droit d\u2019acc\u00e8s et de rectification aupr\u00e8s de\u00a0<a href=\"mailto:bureau@store62.com\" target=\"_blank\" rel=\"noopener\">bureau@store62.com<\/a>\u00a0. Ces informations sont destin\u00e9es aux magasins Store 62. Nous pourrons \u00eatre amen\u00e9s \u00e0 les utiliser \u00e0 des fins d\u2019information et de propositions commerciales concernant nos produits.<\/p>\n<p style=\"text-align: center;\">Vous disposez d\u2019un droit d\u2019acc\u00e8s, de modification, de rectification et de suppression des donn\u00e9es vous concernant (loi \u00ab\u00a0Informatique et Libert\u00e9s\u00a0\u00bb\u00a0du 6 janvier 1978). Pour toute demande, adressez-vous \u00e0\u00a0:\u00a0<a href=\"mailto:bureau@store62.com\" target=\"_blank\" rel=\"noopener\">bureau@store62.com<\/a>\u00a0.<\/p>\n<\/div>\n<\/div>\n","protected":false},"excerpt":{"rendered":"<p>Ce site internet est \u00e9dit\u00e9 par : Guillaume Fromont, Store 62, 02 Avenue Alfred Ma\u00ebs 62300\u00a0LENS \/\u00a0T\u00e9l. 03.21.42.62.62 RCS 501 [&hellip;]<\/p>\n","protected":false},"author":1,"featured_media":0,"parent":0,"menu_order":0,"comment_status":"closed","ping_status":"closed","template":"","meta":{"site-sidebar-layout":"default","site-content-layout":"","ast-site-content-layout":"default","site-content-style":"default","site-sidebar-style":"default","ast-global-header-display":"","ast-banner-title-visibility":"","ast-main-header-display":"","ast-hfb-above-header-display":"","ast-hfb-below-header-display":"","ast-hfb-mobile-header-display":"","site-post-title":"","ast-breadcrumbs-content":"","ast-featured-img":"","footer-sml-layout":"","ast-disable-related-posts":"","theme-transparent-header-meta":"default","adv-header-id-meta":"","stick-header-meta":"","header-above-stick-meta":"","header-main-stick-meta":"","header-below-stick-meta":"","astra-migrate-meta-layouts":"set","ast-page-background-enabled":"default","ast-page-background-meta":{"desktop":{"background-color":"var(--ast-global-color-5)","background-image":"","background-repeat":"repeat","background-position":"center center","background-size":"auto","background-attachment":"scroll","background-type":"","background-media":"","overlay-type":"","overlay-color":"","overlay-opacity":"","overlay-gradient":""},"tablet":{"background-color":"","background-image":"","background-repeat":"repeat","background-position":"center center","background-size":"auto","background-attachment":"scroll","background-type":"","background-media":"","overlay-type":"","overlay-color":"","overlay-opacity":"","overlay-gradient":""},"mobile":{"background-color":"","background-image":"","background-repeat":"repeat","background-position":"center center","background-size":"auto","background-attachment":"scroll","background-type":"","background-media":"","overlay-type":"","overlay-color":"","overlay-opacity":"","overlay-gradient":""}},"ast-content-background-meta":{"desktop":{"background-color":"var(--ast-global-color-4)","background-image":"","background-repeat":"repeat","background-position":"center center","background-size":"auto","background-attachment":"scroll","background-type":"","background-media":"","overlay-type":"","overlay-color":"","overlay-opacity":"","overlay-gradient":""},"tablet":{"background-color":"var(--ast-global-color-4)","background-image":"","background-repeat":"repeat","background-position":"center center","background-size":"auto","background-attachment":"scroll","background-type":"","background-media":"","overlay-type":"","overlay-color":"","overlay-opacity":"","overlay-gradient":""},"mobile":{"background-color":"var(--ast-global-color-4)","background-image":"","background-repeat":"repeat","background-position":"center center","background-size":"auto","background-attachment":"scroll","background-type":"","background-media":"","overlay-type":"","overlay-color":"","overlay-opacity":"","overlay-gradient":""}},"footnotes":""},"class_list":["post-245","page","type-page","status-publish","hentry"],"yoast_head":"<!-- This site is optimized with the Yoast SEO plugin v27.4 - https:\/\/yoast.com\/product\/yoast-seo-wordpress\/ -->\n<title>Mentions L\u00e9gales - Sp\u00e9cialiste fermetures<\/title>\n<meta name=\"robots\" content=\"index, nofollow, max-snippet:-1, max-image-preview:large, max-video-preview:-1\" \/>\n<link rel=\"canonical\" href=\"https:\/\/www.store62.com\/fermetures-partenaires\/mentions-legales\/\" \/>\n<meta property=\"og:locale\" content=\"fr_FR\" \/>\n<meta property=\"og:type\" content=\"article\" \/>\n<meta property=\"og:title\" content=\"Mentions L\u00e9gales - Sp\u00e9cialiste fermetures\" \/>\n<meta property=\"og:description\" content=\"Ce site internet est \u00e9dit\u00e9 par : Guillaume Fromont, Store 62, 02 Avenue Alfred Ma\u00ebs 62300\u00a0LENS \/\u00a0T\u00e9l. 03.21.42.62.62 RCS 501 [&hellip;]\" \/>\n<meta property=\"og:url\" content=\"https:\/\/www.store62.com\/fermetures-partenaires\/mentions-legales\/\" \/>\n<meta property=\"og:site_name\" content=\"Sp\u00e9cialiste fermetures\" \/>\n<meta property=\"article:modified_time\" content=\"2026-03-04T15:00:21+00:00\" \/>\n<meta name=\"twitter:card\" content=\"summary_large_image\" \/>\n<meta name=\"twitter:label1\" content=\"Dur\u00e9e de lecture estim\u00e9e\" \/>\n\t<meta name=\"twitter:data1\" content=\"3 minutes\" \/>\n<script type=\"application\/ld+json\" class=\"yoast-schema-graph\">{\"@context\":\"https:\\\/\\\/schema.org\",\"@graph\":[{\"@type\":\"WebPage\",\"@id\":\"https:\\\/\\\/www.store62.com\\\/fermetures-partenaires\\\/mentions-legales\\\/\",\"url\":\"https:\\\/\\\/www.store62.com\\\/fermetures-partenaires\\\/mentions-legales\\\/\",\"name\":\"Mentions L\u00e9gales - Sp\u00e9cialiste fermetures\",\"isPartOf\":{\"@id\":\"https:\\\/\\\/www.store62.com\\\/fermetures-partenaires\\\/#website\"},\"datePublished\":\"2026-02-11T16:23:09+00:00\",\"dateModified\":\"2026-03-04T15:00:21+00:00\",\"breadcrumb\":{\"@id\":\"https:\\\/\\\/www.store62.com\\\/fermetures-partenaires\\\/mentions-legales\\\/#breadcrumb\"},\"inLanguage\":\"fr-FR\",\"potentialAction\":[{\"@type\":\"ReadAction\",\"target\":[\"https:\\\/\\\/www.store62.com\\\/fermetures-partenaires\\\/mentions-legales\\\/\"]}]},{\"@type\":\"BreadcrumbList\",\"@id\":\"https:\\\/\\\/www.store62.com\\\/fermetures-partenaires\\\/mentions-legales\\\/#breadcrumb\",\"itemListElement\":[{\"@type\":\"ListItem\",\"position\":1,\"name\":\"Accueil\",\"item\":\"https:\\\/\\\/www.store62.com\\\/fermetures-partenaires\\\/\"},{\"@type\":\"ListItem\",\"position\":2,\"name\":\"Mentions L\u00e9gales\"}]},{\"@type\":\"WebSite\",\"@id\":\"https:\\\/\\\/www.store62.com\\\/fermetures-partenaires\\\/#website\",\"url\":\"https:\\\/\\\/www.store62.com\\\/fermetures-partenaires\\\/\",\"name\":\"Sp\u00e9cialiste fermetures Lens\",\"description\":\"LENS - T\u00e9l : 06 67 19 62 62 \\\/ 03 21 42 62 62\",\"publisher\":{\"@id\":\"https:\\\/\\\/www.store62.com\\\/fermetures-partenaires\\\/#organization\"},\"potentialAction\":[{\"@type\":\"SearchAction\",\"target\":{\"@type\":\"EntryPoint\",\"urlTemplate\":\"https:\\\/\\\/www.store62.com\\\/fermetures-partenaires\\\/?s={search_term_string}\"},\"query-input\":{\"@type\":\"PropertyValueSpecification\",\"valueRequired\":true,\"valueName\":\"search_term_string\"}}],\"inLanguage\":\"fr-FR\"},{\"@type\":\"Organization\",\"@id\":\"https:\\\/\\\/www.store62.com\\\/fermetures-partenaires\\\/#organization\",\"name\":\"Sp\u00e9cialiste fermetures Lens\",\"url\":\"https:\\\/\\\/www.store62.com\\\/fermetures-partenaires\\\/\",\"logo\":{\"@type\":\"ImageObject\",\"inLanguage\":\"fr-FR\",\"@id\":\"https:\\\/\\\/www.store62.com\\\/fermetures-partenaires\\\/#\\\/schema\\\/logo\\\/image\\\/\",\"url\":\"https:\\\/\\\/www.store62.com\\\/fermetures-partenaires\\\/wp-content\\\/uploads\\\/2026\\\/02\\\/cropped-unnamed.jpg\",\"contentUrl\":\"https:\\\/\\\/www.store62.com\\\/fermetures-partenaires\\\/wp-content\\\/uploads\\\/2026\\\/02\\\/cropped-unnamed.jpg\",\"width\":942,\"height\":237,\"caption\":\"Sp\u00e9cialiste fermetures Lens\"},\"image\":{\"@id\":\"https:\\\/\\\/www.store62.com\\\/fermetures-partenaires\\\/#\\\/schema\\\/logo\\\/image\\\/\"}}]}<\/script>\n<!-- \/ Yoast SEO plugin. -->","yoast_head_json":{"title":"Mentions L\u00e9gales - Sp\u00e9cialiste fermetures","robots":{"index":"index","follow":"nofollow","max-snippet":"max-snippet:-1","max-image-preview":"max-image-preview:large","max-video-preview":"max-video-preview:-1"},"canonical":"https:\/\/www.store62.com\/fermetures-partenaires\/mentions-legales\/","og_locale":"fr_FR","og_type":"article","og_title":"Mentions L\u00e9gales - Sp\u00e9cialiste fermetures","og_description":"Ce site internet est \u00e9dit\u00e9 par : Guillaume Fromont, Store 62, 02 Avenue Alfred Ma\u00ebs 62300\u00a0LENS \/\u00a0T\u00e9l. 03.21.42.62.62 RCS 501 [&hellip;]","og_url":"https:\/\/www.store62.com\/fermetures-partenaires\/mentions-legales\/","og_site_name":"Sp\u00e9cialiste fermetures","article_modified_time":"2026-03-04T15:00:21+00:00","twitter_card":"summary_large_image","twitter_misc":{"Dur\u00e9e de lecture estim\u00e9e":"3 minutes"},"schema":{"@context":"https:\/\/schema.org","@graph":[{"@type":"WebPage","@id":"https:\/\/www.store62.com\/fermetures-partenaires\/mentions-legales\/","url":"https:\/\/www.store62.com\/fermetures-partenaires\/mentions-legales\/","name":"Mentions L\u00e9gales - Sp\u00e9cialiste fermetures","isPartOf":{"@id":"https:\/\/www.store62.com\/fermetures-partenaires\/#website"},"datePublished":"2026-02-11T16:23:09+00:00","dateModified":"2026-03-04T15:00:21+00:00","breadcrumb":{"@id":"https:\/\/www.store62.com\/fermetures-partenaires\/mentions-legales\/#breadcrumb"},"inLanguage":"fr-FR","potentialAction":[{"@type":"ReadAction","target":["https:\/\/www.store62.com\/fermetures-partenaires\/mentions-legales\/"]}]},{"@type":"BreadcrumbList","@id":"https:\/\/www.store62.com\/fermetures-partenaires\/mentions-legales\/#breadcrumb","itemListElement":[{"@type":"ListItem","position":1,"name":"Accueil","item":"https:\/\/www.store62.com\/fermetures-partenaires\/"},{"@type":"ListItem","position":2,"name":"Mentions L\u00e9gales"}]},{"@type":"WebSite","@id":"https:\/\/www.store62.com\/fermetures-partenaires\/#website","url":"https:\/\/www.store62.com\/fermetures-partenaires\/","name":"Sp\u00e9cialiste fermetures Lens","description":"LENS - T\u00e9l : 06 67 19 62 62 \/ 03 21 42 62 62","publisher":{"@id":"https:\/\/www.store62.com\/fermetures-partenaires\/#organization"},"potentialAction":[{"@type":"SearchAction","target":{"@type":"EntryPoint","urlTemplate":"https:\/\/www.store62.com\/fermetures-partenaires\/?s={search_term_string}"},"query-input":{"@type":"PropertyValueSpecification","valueRequired":true,"valueName":"search_term_string"}}],"inLanguage":"fr-FR"},{"@type":"Organization","@id":"https:\/\/www.store62.com\/fermetures-partenaires\/#organization","name":"Sp\u00e9cialiste fermetures Lens","url":"https:\/\/www.store62.com\/fermetures-partenaires\/","logo":{"@type":"ImageObject","inLanguage":"fr-FR","@id":"https:\/\/www.store62.com\/fermetures-partenaires\/#\/schema\/logo\/image\/","url":"https:\/\/www.store62.com\/fermetures-partenaires\/wp-content\/uploads\/2026\/02\/cropped-unnamed.jpg","contentUrl":"https:\/\/www.store62.com\/fermetures-partenaires\/wp-content\/uploads\/2026\/02\/cropped-unnamed.jpg","width":942,"height":237,"caption":"Sp\u00e9cialiste fermetures Lens"},"image":{"@id":"https:\/\/www.store62.com\/fermetures-partenaires\/#\/schema\/logo\/image\/"}}]}},"_links":{"self":[{"href":"https:\/\/www.store62.com\/fermetures-partenaires\/wp-json\/wp\/v2\/pages\/245","targetHints":{"allow":["GET"]}}],"collection":[{"href":"https:\/\/www.store62.com\/fermetures-partenaires\/wp-json\/wp\/v2\/pages"}],"about":[{"href":"https:\/\/www.store62.com\/fermetures-partenaires\/wp-json\/wp\/v2\/types\/page"}],"author":[{"embeddable":true,"href":"https:\/\/www.store62.com\/fermetures-partenaires\/wp-json\/wp\/v2\/users\/1"}],"replies":[{"embeddable":true,"href":"https:\/\/www.store62.com\/fermetures-partenaires\/wp-json\/wp\/v2\/comments?post=245"}],"version-history":[{"count":3,"href":"https:\/\/www.store62.com\/fermetures-partenaires\/wp-json\/wp\/v2\/pages\/245\/revisions"}],"predecessor-version":[{"id":821,"href":"https:\/\/www.store62.com\/fermetures-partenaires\/wp-json\/wp\/v2\/pages\/245\/revisions\/821"}],"wp:attachment":[{"href":"https:\/\/www.store62.com\/fermetures-partenaires\/wp-json\/wp\/v2\/media?parent=245"}],"curies":[{"name":"wp","href":"https:\/\/api.w.org\/{rel}","templated":true}]}}